{"id":129,"date":"2024-11-04T10:03:20","date_gmt":"2024-11-04T10:03:20","guid":{"rendered":"https:\/\/p.vpsnext.ink\/?page_id=129"},"modified":"2025-04-06T14:31:47","modified_gmt":"2025-04-06T14:31:47","slug":"impressum","status":"publish","type":"page","link":"https:\/\/p.vpsnext.ink\/index.php\/impressum\/","title":{"rendered":"imprint"},"content":{"rendered":"\t\t<div data-elementor-type=\"wp-page\" data-elementor-id=\"129\" class=\"elementor elementor-129\" data-elementor-post-type=\"page\">\n\t\t\t\t<div class=\"elementor-element elementor-element-58892a8 e-flex e-con-boxed wpr-particle-no wpr-jarallax-no wpr-parallax-no wpr-sticky-section-no e-con e-parent\" data-id=\"58892a8\" data-element_type=\"container\">\n\t\t\t\t\t<div class=\"e-con-inner\">\n\t\t<div class=\"elementor-element elementor-element-3856707 e-flex e-con-boxed wpr-particle-no wpr-jarallax-no wpr-parallax-no wpr-sticky-section-no e-con e-child\" data-id=\"3856707\" data-element_type=\"container\">\n\t\t\t\t\t<div class=\"e-con-inner\">\n\t\t\t\t<div class=\"elementor-element elementor-element-34b124d elementor-widget elementor-widget-heading\" data-id=\"34b124d\" data-element_type=\"widget\" data-widget_type=\"heading.default\">\n\t\t\t\t<div class=\"elementor-widget-container\">\n\t\t\t\t\t<h2 class=\"elementor-heading-title elementor-size-default\">Impressum<\/h2>\t\t\t\t<\/div>\n\t\t\t\t<\/div>\n\t\t\t\t\t<\/div>\n\t\t\t\t<\/div>\n\t\t\t\t\t<\/div>\n\t\t\t\t<\/div>\n\t\t<div class=\"elementor-element elementor-element-7c5814e e-flex e-con-boxed wpr-particle-no wpr-jarallax-no wpr-parallax-no wpr-sticky-section-no e-con e-parent\" data-id=\"7c5814e\" data-element_type=\"container\">\n\t\t\t\t\t<div class=\"e-con-inner\">\n\t\t<div class=\"elementor-element elementor-element-21a27e3 e-flex e-con-boxed wpr-particle-no wpr-jarallax-no wpr-parallax-no wpr-sticky-section-no e-con e-child\" data-id=\"21a27e3\" data-element_type=\"container\">\n\t\t\t\t\t<div class=\"e-con-inner\">\n\t\t\t\t<div class=\"elementor-element elementor-element-c0376f8 elementor-widget elementor-widget-text-editor\" data-id=\"c0376f8\" data-element_type=\"widget\" data-widget_type=\"text-editor.default\">\n\t\t\t\t<div class=\"elementor-widget-container\">\n\t\t\t\t\t\t\t\t\t<p>Verantwortlicher f\u00fcr die Website-Inhalte:<\/p><div class=\"elementor-element elementor-element-2d6bc5a jltma-glass-effect-no elementor-widget elementor-widget-text-editor\" data-id=\"2d6bc5a\" data-element_type=\"widget\" data-widget_type=\"text-editor.default\"><div class=\"elementor-widget-container\"><p>Delisk &#8211; Ian Riepert<br \/>c\/o IP-Management #44706<br \/>Ludwig-Erhard-Str. 18<br \/>20459 Hamburg<br \/>E-Mail: info@delisk.de <em>(Bei Anliegen zu dieser Website bitte Betreff &#8222;San&#8217;t Anna &#8211; BKO&#8220; verwenden.<\/em><br \/>Tel.: +49 156 79198719<br \/>Umsatzsteuer-Identifikationsnummer(n): DE452713197<\/p><p>Verantwortlich gem\u00e4\u00df \u00a7 18 MStV:<br \/>Ian Riepert<br \/>c\/o IP-Management #44706<br \/>Ludwig-Erhard-Str. 18<br \/>20459 Hamburg<\/p><p>Die Europ\u00e4ische Kommission stellt eine Plattform zur Online-Streitbeilegung (OS) bereit, die Sie hier finden https:\/\/ec.europa.eu\/consumers\/odr\/.<br \/>Zur Teilnahme an einem Streitbeilegungsverfahren vor einer Verbraucherschlichtungsstelle sind wir nicht verpflichtet und nicht bereit.<\/p><\/div><\/div><p><strong>Erstellt im Auftrag des<\/strong><\/p><p>Berufskolleg Ost der Stadt Essen,<br \/>Knaudtstra\u00dfe 25 (Standort Seminarstra\u00dfe)<br \/>Essen 45138<br \/>Telefon: +49 201-8840788<br \/>E-Mail: info@bko-essen.de<\/p><p><strong>Schulleitung<\/strong><br \/>Dr. Sascha Geifes, OStD<br \/>Knaudtstra\u00dfe 25<br \/>45138 Essen<br \/>Telefon: +49 201-8840788<br \/>E-Mail: sascha.geifes@schule.essen.de<\/p><p>Das Berufskolleg Ost der Stadt Essen ist eine K\u00f6rperschaft des \u00d6ffentlichen Rechts.<\/p><p><strong>Schultr\u00e4ger (Diensteanbieter im Sinne des TMG)<\/strong><br \/>Stadt Essen, vertreten durch den Oberb\u00fcrgermeister Thomas Kufen<br \/>Rathaus, Porscheplatz<br \/>45121 Essen<br \/>Tel.: +49 201 88-0<br \/>E-Mail: info@essen.de<\/p><p><strong>Haftung f\u00fcr Inhalte<\/strong><br \/>Die Informationen, die Sie auf diesem Internetauftritt vorfinden, wurden nach bestem Wissen und Gewissen sorgf\u00e4ltig zusammengestellt und gepr\u00fcft. F\u00fcr die Richtigkeit, Vollst\u00e4ndigkeit, Aktualit\u00e4t oder Qualit\u00e4t und jederzeitige Verf\u00fcgbarkeit der bereit gestellten Informationen wird jedoch keine Gew\u00e4hr \u00fcbernommen. Diensteanbieter sind gem\u00e4\u00df \u00a7 7 Abs.1 TMG f\u00fcr eigene Inhalte auf diesen Seiten nach den allgemeinen Gesetzen verantwortlich. Diensteanbieter sind jedoch nicht verpflichtet, \u00fcbermittelte oder gespeicherte fremde Informationen zu \u00fcberwachen oder nach Umst\u00e4nden zu forschen, die auf eine rechtswidrige T\u00e4tigkeit hinweisen. Verpflichtungen zur Entfernung oder Sperrung der Nutzung von Informationen nach den allgemeinen Gesetzen bleiben hiervon unber\u00fchrt.<\/p><p><strong>Haftung f\u00fcr Links<\/strong><br \/>Dieser Internetauftritt enth\u00e4lt auch Links oder Verweise auf Internetauftritte Dritter. Diese Links zu den Internetauftritten Dritter stellen keine Zustimmung zu deren Inhalten durch den Herausgeber dar. F\u00fcr die Inhalte der externen Links sind die jeweiligen Anbieter oder Betreiber (Urheber) der Seiten verantwortlich. Mit den Links zu anderen Internetauftritten wird den Nutzern lediglich der Zugang zur Nutzung der Inhalte vermittelt. Die externen Links wurden zum Zeitpunkt der Linksetzung nach bestem Wissen und Gewissen auf eventuelle Rechtsverst\u00f6\u00dfe \u00fcberpr\u00fcft. Eine st\u00e4ndige inhaltliche \u00dcberpr\u00fcfung der externen Links ist ohne konkrete Anhaltspunkte einer Rechtsverletzung nicht m\u00f6glich. Bei Verlinkungen auf die Webseiten Dritter, die au\u00dferhalb des Verantwortungsbereichs des Herausgebers liegen, w\u00fcrde eine Haftungsverpflichtung nur bestehen, wenn der Herausgeber von den rechtswidrigen Inhalten Kenntnis erlangen und es technisch m\u00f6glich und zumutbar w\u00e4re, die Nutzung dieser Inhalte zu verhindern. Sollten Sie der Ansicht sein, dass die verlinkten externen Seiten gegen geltendes Recht versto\u00dfen oder sonst unangemessene Inhalte haben, so teilen Sie uns dies bitte mit.<\/p><p><strong>Urheberrecht<\/strong><br \/>Die durch die Seitenbetreiber erstellten Inhalte und Werke auf diesen Seiten unterliegen dem deutschen Urheberrecht. Beitr\u00e4ge Dritter sind als solche gekennzeichnet. Die Vervielf\u00e4ltigung, Bearbeitung, Verbreitung und jede Art der Verwertung au\u00dferhalb der Grenzen des Urheberrechtes bed\u00fcrfen der schriftlichen Zustimmung des jeweiligen Autors bzw. Erstellers. Downloads und Kopien dieser Seite sind nur f\u00fcr den privaten, nicht kommerziellen Gebrauch gestattet.<\/p><p>Die Betreiber der Seiten sind bem\u00fcht, stets die Urheberrechte anderer zu beachten bzw. auf selbst erstellte sowie lizenzfreie Werke zur\u00fcckzugreifen.<\/p><p><strong>Bilder auf der Website<\/strong><br \/>Ein gro\u00dfer Dank gilt der Community von www.photocase.com. Ein brillante M\u00f6glichkeit auf dem Prinzip der Gegenseitigkeit Bilder auszutauschen und zu verwenden. F\u00f6rdert den Gedanken von freien Inhalten auf der Basis von Opensource!<\/p><p><em>Quellen: <a href=\"http:\/\/eRecht24.de\">eRecht24.de<\/a>, <a href=\"https:\/\/datenschutz-schule.info\/themen\/die-schulhomepage\/das-impressum\/\">https:\/\/datenschutz-schule.info\/themen\/die-schulhomepage\/das-impressum\/<\/a><\/em><\/p>\t\t\t\t\t\t\t\t<\/div>\n\t\t\t\t<\/div>\n\t\t\t\t\t<\/div>\n\t\t\t\t<\/div>\n\t\t\t\t\t<\/div>\n\t\t\t\t<\/div>\n\t\t<div class=\"elementor-element elementor-element-3e945cd e-flex e-con-boxed wpr-particle-no wpr-jarallax-no wpr-parallax-no wpr-sticky-section-no e-con e-parent\" data-id=\"3e945cd\" data-element_type=\"container\">\n\t\t\t\t\t<div class=\"e-con-inner\">\n\t\t\t\t\t<\/div>\n\t\t\t\t<\/div>\n\t\t\t\t<\/div>\n\t\t","protected":false},"excerpt":{"rendered":"<p>Impressum Verantwortlicher f\u00fcr die Website-Inhalte: Delisk &#8211; Ian Riepertc\/o IP-Management #44706Ludwig-Erhard-Str. 1820459 HamburgE-Mail: info@delisk.de (Bei Anliegen zu dieser Website bitte Betreff &#8222;San&#8217;t Anna &#8211; BKO&#8220; verwenden.Tel.: +49 156 79198719Umsatzsteuer-Identifikationsnummer(n): DE452713197 Verantwortlich gem\u00e4\u00df \u00a7 18 MStV:Ian Riepertc\/o IP-Management #44706Ludwig-Erhard-Str. 1820459 Hamburg Die Europ\u00e4ische Kommission stellt eine Plattform zur Online-Streitbeilegung (OS) bereit, die Sie hier finden https:\/\/ec.europa.eu\/consumers\/odr\/.Zur Teilnahme an einem Streitbeilegungsverfahren vor einer Verbraucherschlichtungsstelle sind wir nicht verpflichtet und nicht bereit. Erstellt im Auftrag des Berufskolleg Ost der Stadt Essen,Knaudtstra\u00dfe 25 (Standort Seminarstra\u00dfe)Essen 45138Telefon: +49 201-8840788E-Mail: info@bko-essen.de SchulleitungDr. Sascha Geifes, OStDKnaudtstra\u00dfe 2545138 EssenTelefon: +49 201-8840788E-Mail: sascha.geifes@schule.essen.de Das Berufskolleg Ost der Stadt Essen ist eine K\u00f6rperschaft des \u00d6ffentlichen Rechts. Schultr\u00e4ger (Diensteanbieter im Sinne des TMG)Stadt Essen, vertreten durch den Oberb\u00fcrgermeister Thomas KufenRathaus, Porscheplatz45121 EssenTel.: +49 201 88-0E-Mail: info@essen.de Haftung f\u00fcr InhalteDie Informationen, die Sie auf diesem Internetauftritt vorfinden, wurden nach bestem Wissen und Gewissen sorgf\u00e4ltig zusammengestellt und gepr\u00fcft. F\u00fcr die Richtigkeit, Vollst\u00e4ndigkeit, Aktualit\u00e4t oder Qualit\u00e4t und jederzeitige Verf\u00fcgbarkeit der bereit gestellten Informationen wird jedoch keine Gew\u00e4hr \u00fcbernommen. Diensteanbieter sind gem\u00e4\u00df \u00a7 7 Abs.1 TMG f\u00fcr eigene Inhalte auf diesen Seiten nach den allgemeinen Gesetzen verantwortlich. Diensteanbieter sind jedoch nicht verpflichtet, \u00fcbermittelte oder gespeicherte fremde Informationen zu \u00fcberwachen oder nach Umst\u00e4nden zu forschen, die auf eine rechtswidrige T\u00e4tigkeit hinweisen. Verpflichtungen zur Entfernung oder Sperrung der Nutzung von Informationen nach den allgemeinen Gesetzen bleiben hiervon unber\u00fchrt. Haftung f\u00fcr LinksDieser Internetauftritt enth\u00e4lt auch Links oder Verweise auf Internetauftritte Dritter. Diese Links zu den Internetauftritten Dritter stellen keine Zustimmung zu deren Inhalten durch den Herausgeber dar. F\u00fcr die Inhalte der externen Links sind die jeweiligen Anbieter oder Betreiber (Urheber) der Seiten verantwortlich. Mit den Links zu anderen Internetauftritten wird den Nutzern lediglich der Zugang zur Nutzung der Inhalte vermittelt. Die externen Links wurden zum Zeitpunkt der Linksetzung nach bestem Wissen und Gewissen auf eventuelle Rechtsverst\u00f6\u00dfe \u00fcberpr\u00fcft. Eine st\u00e4ndige inhaltliche \u00dcberpr\u00fcfung der externen Links ist ohne konkrete Anhaltspunkte einer Rechtsverletzung nicht m\u00f6glich. Bei Verlinkungen auf die Webseiten Dritter, die au\u00dferhalb des Verantwortungsbereichs des Herausgebers liegen, w\u00fcrde eine Haftungsverpflichtung nur bestehen, wenn der Herausgeber von den rechtswidrigen Inhalten Kenntnis erlangen und es technisch m\u00f6glich und zumutbar w\u00e4re, die Nutzung dieser Inhalte zu verhindern. Sollten Sie der Ansicht sein, dass die verlinkten externen Seiten gegen geltendes Recht versto\u00dfen oder sonst unangemessene Inhalte haben, so teilen Sie uns dies bitte mit. UrheberrechtDie durch die Seitenbetreiber erstellten Inhalte und Werke auf diesen Seiten unterliegen dem deutschen Urheberrecht. Beitr\u00e4ge Dritter sind als solche gekennzeichnet. Die Vervielf\u00e4ltigung, Bearbeitung, Verbreitung und jede Art der Verwertung au\u00dferhalb der Grenzen des Urheberrechtes bed\u00fcrfen der schriftlichen Zustimmung des jeweiligen Autors bzw. Erstellers. Downloads und Kopien dieser Seite sind nur f\u00fcr den privaten, nicht kommerziellen Gebrauch gestattet. Die Betreiber der Seiten sind bem\u00fcht, stets die Urheberrechte anderer zu beachten bzw. auf selbst erstellte sowie lizenzfreie Werke zur\u00fcckzugreifen. Bilder auf der WebsiteEin gro\u00dfer Dank gilt der Community von www.photocase.com. Ein brillante M\u00f6glichkeit auf dem Prinzip der Gegenseitigkeit Bilder auszutauschen und zu verwenden. F\u00f6rdert den Gedanken von freien Inhalten auf der Basis von Opensource! Quellen: eRecht24.de, https:\/\/datenschutz-schule.info\/themen\/die-schulhomepage\/das-impressum\/<\/p>\n","protected":false},"author":1,"featured_media":0,"parent":0,"menu_order":0,"comment_status":"closed","ping_status":"closed","template":"elementor_header_footer","meta":{"footnotes":""},"class_list":["post-129","page","type-page","status-publish","hentry"],"_links":{"self":[{"href":"https:\/\/p.vpsnext.ink\/index.php\/wp-json\/wp\/v2\/pages\/129","targetHints":{"allow":["GET"]}}],"collection":[{"href":"https:\/\/p.vpsnext.ink\/index.php\/wp-json\/wp\/v2\/pages"}],"about":[{"href":"https:\/\/p.vpsnext.ink\/index.php\/wp-json\/wp\/v2\/types\/page"}],"author":[{"embeddable":true,"href":"https:\/\/p.vpsnext.ink\/index.php\/wp-json\/wp\/v2\/users\/1"}],"replies":[{"embeddable":true,"href":"https:\/\/p.vpsnext.ink\/index.php\/wp-json\/wp\/v2\/comments?post=129"}],"version-history":[{"count":62,"href":"https:\/\/p.vpsnext.ink\/index.php\/wp-json\/wp\/v2\/pages\/129\/revisions"}],"predecessor-version":[{"id":1510,"href":"https:\/\/p.vpsnext.ink\/index.php\/wp-json\/wp\/v2\/pages\/129\/revisions\/1510"}],"wp:attachment":[{"href":"https:\/\/p.vpsnext.ink\/index.php\/wp-json\/wp\/v2\/media?parent=129"}],"curies":[{"name":"wp","href":"https:\/\/api.w.org\/{rel}","templated":true}]}}